[INFO] fetching crate soup-kuchiki 0.5.0...
[INFO] checking soup-kuchiki-0.5.0 against master#9610dfe5a9a731ced1ea4923ecbd0c57fe367898 for beta-170-4
[INFO] extracting crate soup-kuchiki 0.5.0 into /workspace/builds/worker-3-tc1/source
[INFO] validating manifest of crates.io crate soup-kuchiki 0.5.0 on toolchain 9610dfe5a9a731ced1ea4923ecbd0c57fe367898
[INFO] running `Command { std: CARGO_HOME="/workspace/cargo-home" RUSTUP_HOME="/workspace/rustup-home" "/workspace/cargo-home/bin/cargo" "+9610dfe5a9a731ced1ea4923ecbd0c57fe367898" "metadata" "--manifest-path" "Cargo.toml" "--no-deps", kill_on_drop: false }`
[INFO] started tweaking crates.io crate soup-kuchiki 0.5.0
[INFO] finished tweaking crates.io crate soup-kuchiki 0.5.0
[INFO] tweaked toml for crates.io crate soup-kuchiki 0.5.0 written to /workspace/builds/worker-3-tc1/source/Cargo.toml
[INFO] crate crates.io crate soup-kuchiki 0.5.0 already has a lockfile, it will not be regenerated
[INFO] running `Command { std: CARGO_HOME="/workspace/cargo-home" RUSTUP_HOME="/workspace/rustup-home" "/workspace/cargo-home/bin/cargo" "+9610dfe5a9a731ced1ea4923ecbd0c57fe367898" "fetch" "--manifest-path" "Cargo.toml", kill_on_drop: false }`
[INFO] running `Command { std: "docker" "create" "-v" "/var/lib/crater-agent-workspace/builds/worker-3-tc1/target:/opt/rustwide/target:rw,Z" "-v" "/var/lib/crater-agent-workspace/builds/worker-3-tc1/source:/opt/rustwide/workdir:ro,Z" "-v" "/var/lib/crater-agent-workspace/cargo-home:/opt/rustwide/cargo-home:ro,Z" "-v" "/var/lib/crater-agent-workspace/rustup-home:/opt/rustwide/rustup-home:ro,Z" "-e" "SOURCE_DIR=/opt/rustwide/workdir" "-e" "CARGO_TARGET_DIR=/opt/rustwide/target" "-e" "CARGO_HOME=/opt/rustwide/cargo-home" "-e" "RUSTUP_HOME=/opt/rustwide/rustup-home" "-w" "/opt/rustwide/workdir" "-m" "1610612736" "--user" "0:0" "--network" "none" "ghcr.io/rust-lang/crates-build-env/linux@sha256:19e73879b68f455e41552ea35293514db52ea292d993f571636dbffedb77a1ee" "/opt/rustwide/cargo-home/bin/cargo" "+9610dfe5a9a731ced1ea4923ecbd0c57fe367898" "metadata" "--no-deps" "--format-version=1", kill_on_drop: false }`
[INFO] [stdout] abb0ae128e7c2e5d4d2ed591a3bb3d7e5e8c561135336bf9cd23569a33862fbb
[INFO] running `Command { std: "docker" "start" "-a" "abb0ae128e7c2e5d4d2ed591a3bb3d7e5e8c561135336bf9cd23569a33862fbb", kill_on_drop: false }`
[INFO] running `Command { std: "docker" "inspect" "abb0ae128e7c2e5d4d2ed591a3bb3d7e5e8c561135336bf9cd23569a33862fbb", kill_on_drop: false }`
[INFO] running `Command { std: "docker" "rm" "-f" "abb0ae128e7c2e5d4d2ed591a3bb3d7e5e8c561135336bf9cd23569a33862fbb", kill_on_drop: false }`
[INFO] [stdout] abb0ae128e7c2e5d4d2ed591a3bb3d7e5e8c561135336bf9cd23569a33862fbb
[INFO] running `Command { std: "docker" "create" "-v" "/var/lib/crater-agent-workspace/builds/worker-3-tc1/target:/opt/rustwide/target:rw,Z" "-v" "/var/lib/crater-agent-workspace/builds/worker-3-tc1/source:/opt/rustwide/workdir:ro,Z" "-v" "/var/lib/crater-agent-workspace/cargo-home:/opt/rustwide/cargo-home:ro,Z" "-v" "/var/lib/crater-agent-workspace/rustup-home:/opt/rustwide/rustup-home:ro,Z" "-e" "SOURCE_DIR=/opt/rustwide/workdir" "-e" "CARGO_TARGET_DIR=/opt/rustwide/target" "-e" "CARGO_INCREMENTAL=0" "-e" "RUST_BACKTRACE=full" "-e" "RUSTFLAGS=--cap-lints=forbid" "-e" "RUSTDOCFLAGS=--cap-lints=forbid" "-e" "CARGO_HOME=/opt/rustwide/cargo-home" "-e" "RUSTUP_HOME=/opt/rustwide/rustup-home" "-w" "/opt/rustwide/workdir" "-m" "1610612736" "--user" "0:0" "--network" "none" "ghcr.io/rust-lang/crates-build-env/linux@sha256:19e73879b68f455e41552ea35293514db52ea292d993f571636dbffedb77a1ee" "/opt/rustwide/cargo-home/bin/cargo" "+9610dfe5a9a731ced1ea4923ecbd0c57fe367898" "check" "--frozen" "--all" "--all-targets" "--message-format=json", kill_on_drop: false }`
[INFO] [stdout] daa212d32b9573a966d2dd44f7d0b3f1fb976b3b99488f778d37c11d148cbd46
[INFO] running `Command { std: "docker" "start" "-a" "daa212d32b9573a966d2dd44f7d0b3f1fb976b3b99488f778d37c11d148cbd46", kill_on_drop: false }`
[INFO] [stderr]    Compiling libc v0.2.137
[INFO] [stderr]    Compiling proc-macro2 v1.0.47
[INFO] [stderr]    Compiling quote v1.0.21
[INFO] [stderr]    Compiling unicode-ident v1.0.5
[INFO] [stderr]    Compiling syn v1.0.103
[INFO] [stderr]     Checking cfg-if v0.1.10
[INFO] [stderr]    Compiling ppv-lite86 v0.2.16
[INFO] [stderr]    Compiling log v0.4.17
[INFO] [stderr]     Checking byteorder v1.4.3
[INFO] [stderr]     Checking futures v0.1.31
[INFO] [stderr]    Compiling getrandom v0.1.16
[INFO] [stderr]    Compiling semver-parser v0.7.0
[INFO] [stderr]    Compiling crossbeam-utils v0.7.2
[INFO] [stderr]    Compiling maybe-uninit v2.0.0
[INFO] [stderr]    Compiling phf_shared v0.8.0
[INFO] [stderr]    Compiling cc v1.0.73
[INFO] [stderr]     Checking either v1.8.0
[INFO] [stderr]    Compiling slab v0.4.7
[INFO] [stderr]     Checking matches v0.1.9
[INFO] [stderr]     Checking tinyvec_macros v0.1.0
[INFO] [stderr]    Compiling semver v0.9.0
[INFO] [stderr]    Compiling serde_derive v1.0.147
[INFO] [stderr]     Checking tinyvec v1.6.0
[INFO] [stderr]    Compiling autocfg v0.1.8
[INFO] [stderr]    Compiling serde v1.0.147
[INFO] [stderr]     Checking itoa v0.4.8
[INFO] [stderr]    Compiling rustc_version v0.2.3
[INFO] [stderr]     Checking rand_core v0.4.2
[INFO] [stderr]    Compiling proc-macro-hack v0.5.19
[INFO] [stderr]     Checking siphasher v0.3.10
[INFO] [stderr]     Checking unicode-bidi v0.3.8
[INFO] [stderr]    Compiling memoffset v0.5.6
[INFO] [stderr]     Checking once_cell v1.15.0
[INFO] [stderr]     Checking smallvec v0.6.14
[INFO] [stderr]    Compiling crossbeam-epoch v0.8.2
[INFO] [stderr]    Compiling parking_lot_core v0.9.4
[INFO] [stderr]    Compiling parking_lot_core v0.6.2
[INFO] [stderr]    Compiling parking_lot v0.9.0
[INFO] [stderr]     Checking rand_core v0.3.1
[INFO] [stderr]     Checking lock_api v0.3.4
[INFO] [stderr]     Checking dtoa v0.4.8
[INFO] [stderr]     Checking new_debug_unreachable v1.0.4
[INFO] [stderr]    Compiling indexmap v1.9.1
[INFO] [stderr]     Checking precomputed-hash v0.1.1
[INFO] [stderr]     Checking mac v0.1.1
[INFO] [stderr]     Checking miniz_oxide v0.5.4
[INFO] [stderr]     Checking futf v0.1.5
[INFO] [stderr]     Checking crossbeam-queue v0.2.3
[INFO] [stderr]     Checking phf_shared v0.10.0
[INFO] [stderr]    Compiling rand_pcg v0.1.2
[INFO] [stderr]    Compiling rand_chacha v0.1.1
[INFO] [stderr]    Compiling openssl v0.10.42
[INFO] [stderr]     Checking utf-8 v0.7.6
[INFO] [stderr]     Checking unicode-normalization v0.1.22
[INFO] [stderr]     Checking iovec v0.1.4
[INFO] [stderr]    Compiling getrandom v0.2.8
[INFO] [stderr]     Checking num_cpus v1.13.1
[INFO] [stderr]     Checking bytes v0.4.12
[INFO] [stderr]     Checking net2 v0.2.38
[INFO] [stderr]    Compiling rand_core v0.5.1
[INFO] [stderr]     Checking tokio-executor v0.1.10
[INFO] [stderr]    Compiling rand_core v0.6.4
[INFO] [stderr]     Checking tokio-sync v0.1.8
[INFO] [stderr]     Checking time v0.1.44
[INFO] [stderr]     Checking crossbeam-deque v0.7.4
[INFO] [stderr]    Compiling failure_derive v0.1.8
[INFO] [stderr]    Compiling openssl-sys v0.9.77
[INFO] [stderr]    Compiling backtrace v0.3.66
[INFO] [stderr]    Compiling rand_chacha v0.2.2
[INFO] [stderr]    Compiling rand_pcg v0.2.1
[INFO] [stderr]    Compiling rand_chacha v0.3.1
[INFO] [stderr]     Checking mio v0.6.23
[INFO] [stderr]     Checking tokio-io v0.1.13
[INFO] [stderr]     Checking parking_lot v0.12.1
[INFO] [stderr]     Checking http v0.1.21
[INFO] [stderr]     Checking percent-encoding v1.0.1
[INFO] [stderr]    Compiling rand v0.7.3
[INFO] [stderr]     Checking idna v0.1.5
[INFO] [stderr]    Compiling rand v0.8.5
[INFO] [stderr]     Checking foreign-types-shared v0.1.1
[INFO] [stderr]     Checking gimli v0.26.2
[INFO] [stderr]     Checking foreign-types v0.3.2
[INFO] [stderr]     Checking idna v0.3.0
[INFO] [stderr]     Checking tokio-buf v0.1.1
[INFO] [stderr]     Checking string v0.2.1
[INFO] [stderr]     Checking tokio-threadpool v0.1.18
[INFO] [stderr]     Checking tokio-current-thread v0.1.7
[INFO] [stderr]     Checking tokio-timer v0.2.13
[INFO] [stderr]     Checking tendril v0.4.3
[INFO] [stderr]     Checking dtoa-short v0.3.3
[INFO] [stderr]    Compiling hyper v0.12.36
[INFO] [stderr]     Checking object v0.29.0
[INFO] [stderr]     Checking tokio-reactor v0.1.12
[INFO] [stderr]    Compiling rand v0.6.5
[INFO] [stderr]     Checking url v1.7.2
[INFO] [stderr]    Compiling serde_json v1.0.87
[INFO] [stderr]     Checking stable_deref_trait v1.2.0
[INFO] [stderr]    Compiling native-tls v0.2.10
[INFO] [stderr]    Compiling convert_case v0.4.0
[INFO] [stderr]     Checking try-lock v0.2.3
[INFO] [stderr]     Checking tokio-tcp v0.1.4
[INFO] [stderr]     Checking nodrop v0.1.14
[INFO] [stderr]     Checking want v0.2.0
[INFO] [stderr]     Checking url v2.3.1
[INFO] [stderr]     Checking servo_arc v0.1.1
[INFO] [stderr]     Checking tokio v0.1.22
[INFO] [stderr]    Compiling phf_generator v0.8.0
[INFO] [stderr]     Checking idna v0.2.3
[INFO] [stderr]     Checking futures-cpupool v0.1.8
[INFO] [stderr]     Checking rand_os v0.1.3
[INFO] [stderr]    Compiling phf_codegen v0.8.0
[INFO] [stderr]    Compiling phf_generator v0.10.0
[INFO] [stderr]    Compiling string_cache_codegen v0.5.2
[INFO] [stderr]     Checking rand_hc v0.1.0
[INFO] [stderr]     Checking rand_isaac v0.1.1
[INFO] [stderr]     Checking rand_xorshift v0.1.1
[INFO] [stderr]     Checking rand_jitter v0.1.4
[INFO] [stderr]     Checking fxhash v0.2.1
[INFO] [stderr]    Compiling encoding_rs v0.8.31
[INFO] [stderr]    Compiling selectors v0.22.0
[INFO] [stderr]     Checking ryu v1.0.11
[INFO] [stderr]     Checking itoa v1.0.4
[INFO] [stderr]     Checking thin-slice v0.1.1
[INFO] [stderr]     Checking cookie v0.12.0
[INFO] [stderr]     Checking aho-corasick v0.7.19
[INFO] [stderr]     Checking try_from v0.3.2
[INFO] [stderr]     Checking regex-syntax v0.6.27
[INFO] [stderr]     Checking flate2 v1.0.24
[INFO] [stderr]     Checking base64 v0.10.1
[INFO] [stderr]     Checking publicsuffix v1.5.6
[INFO] [stderr]    Compiling markup5ever v0.10.1
[INFO] [stderr]     Checking http-body v0.1.0
[INFO] [stderr]     Checking h2 v0.1.26
[INFO] [stderr]     Checking uuid v0.7.4
[INFO] [stderr]     Checking addr2line v0.17.0
[INFO] [stderr]     Checking regex v1.6.0
[INFO] [stderr]    Compiling synstructure v0.12.6
[INFO] [stderr]    Compiling phf_macros v0.8.0
[INFO] [stderr]    Compiling cssparser v0.27.2
[INFO] [stderr]    Compiling html5ever v0.25.2
[INFO] [stderr]    Compiling openssl-macros v0.1.0
[INFO] [stderr]    Compiling cssparser-macros v0.6.0
[INFO] [stderr]    Compiling derive_more v0.99.17
[INFO] [stderr]     Checking failure v0.1.8
[INFO] [stderr]     Checking phf v0.8.0
[INFO] [stderr]     Checking hyper-tls v0.3.2
[INFO] [stderr]     Checking string_cache v0.8.4
[INFO] [stderr]     Checking serde_urlencoded v0.5.5
[INFO] [stderr]     Checking cookie_store v0.7.0
[INFO] [stderr]     Checking reqwest v0.9.24
[INFO] [stderr]     Checking kuchiki v0.8.1
[INFO] [stderr]     Checking soup-kuchiki v0.5.0 (/opt/rustwide/workdir)
[INFO] [stdout] error[E0463]: can't find crate for `soup`
[INFO] [stdout]  --> tests/soup.rs:4:1
[INFO] [stdout]   |
[INFO] [stdout] 4 | extern crate soup;
[INFO] [stdout]   | ^^^^^^^^^^^^^^^^^^ can't find crate
[INFO] [stdout] 
[INFO] [stdout] 
[INFO] [stdout] error[E0463]: can't find crate for `soup`
[INFO] [stdout]  --> examples/reqwest.rs:2:1
[INFO] [stdout]   |
[INFO] [stdout] 2 | extern crate soup;
[INFO] [stdout]   | ^^^^^^^^^^^^^^^^^^ can't find crate
[INFO] [stdout] 
[INFO] [stdout] 
[INFO] [stdout] error[E0433]: failed to resolve: use of undeclared type `Soup`
[INFO] [stdout]  --> examples/reqwest.rs:9:16
[INFO] [stdout]   |
[INFO] [stdout] 9 |     let soup = Soup::from_reader(resp)?;
[INFO] [stdout]   |                ^^^^ use of undeclared type `Soup`
[INFO] [stdout] 
[INFO] [stdout] 
[INFO] [stdout] error[E0412]: cannot find type `Soup` in this scope
[INFO] [stdout]   --> tests/soup.rs:12:14
[INFO] [stdout]    |
[INFO] [stdout] 12 | fn soup() -> Soup {
[INFO] [stdout]    |              ^^^^ not found in this scope
[INFO] [stdout] 
[INFO] [stdout] 
[INFO] [stdout] error[E0433]: failed to resolve: use of undeclared type `Soup`
[INFO] [stdout]   --> tests/soup.rs:13:5
[INFO] [stdout]    |
[INFO] [stdout] 13 |     Soup::new(THREE_SISTERS)
[INFO] [stdout]    |     ^^^^ use of undeclared type `Soup`
[INFO] [stdout] 
[INFO] [stdout] 
[INFO] [stdout] error: aborting due to 2 previous errors
[INFO] [stdout] 
[INFO] [stdout] 
[INFO] [stdout] Some errors have detailed explanations: E0433, E0463.
[INFO] [stdout] 
[INFO] [stdout] For more information about an error, try `rustc --explain E0433`.
[INFO] [stdout] 
[INFO] [stdout] error[E0433]: failed to resolve: use of undeclared type `Soup`
[INFO] [stdout]    --> tests/soup.rs:116:16
[INFO] [stdout]     |
[INFO] [stdout] 116 |     let soup = Soup::new(r#"<div id="baz quux"><p class="foo bar">SOME TEXT</p></div>"#);
[INFO] [stdout]     |                ^^^^ use of undeclared type `Soup`
[INFO] [stdout] 
[INFO] [stdout] 
[INFO] [stdout] error[E0433]: failed to resolve: use of undeclared type `Soup`
[INFO] [stdout]    --> tests/soup.rs:140:16
[INFO] [stdout]     |
[INFO] [stdout] 140 |     let soup = Soup::new(r#"<div id="foo"><b>FOO</b></div>"#);
[INFO] [stdout]     |                ^^^^ use of undeclared type `Soup`
[INFO] [stdout] 
[INFO] [stdout] 
[INFO] [stdout] error[E0433]: failed to resolve: use of undeclared type `Soup`
[INFO] [stdout]    --> tests/soup.rs:148:16
[INFO] [stdout]     |
[INFO] [stdout] 148 |     let soup = Soup::new(r#"<div id="foo"><b>FOO</b></div>"#);
[INFO] [stdout]     |                ^^^^ use of undeclared type `Soup`
[INFO] [stdout] 
[INFO] [stdout] 
[INFO] [stdout] error[E0433]: failed to resolve: use of undeclared type `Soup`
[INFO] [stdout]    --> tests/soup.rs:159:16
[INFO] [stdout]     |
[INFO] [stdout] 159 |     let soup = Soup::new(
[INFO] [stdout]     |                ^^^^ use of undeclared type `Soup`
[INFO] [stdout] 
[INFO] [stdout] 
[INFO] [stdout] error[E0433]: failed to resolve: use of undeclared type `Soup`
[INFO] [stdout]    --> tests/soup.rs:183:16
[INFO] [stdout]     |
[INFO] [stdout] 183 |     let soup = Soup::new(
[INFO] [stdout]     |                ^^^^ use of undeclared type `Soup`
[INFO] [stdout] 
[INFO] [stdout] 
[INFO] [stderr] error: could not compile `soup-kuchiki` (example "reqwest") due to 3 previous errors
[INFO] [stderr] warning: build failed, waiting for other jobs to finish...
[INFO] [stdout] error: aborting due to 8 previous errors
[INFO] [stdout] 
[INFO] [stdout] 
[INFO] [stdout] Some errors have detailed explanations: E0412, E0433, E0463.
[INFO] [stdout] 
[INFO] [stdout] For more information about an error, try `rustc --explain E0412`.
[INFO] [stdout] 
[INFO] [stderr] error: could not compile `soup-kuchiki` (test "soup") due to 9 previous errors
[INFO] running `Command { std: "docker" "inspect" "daa212d32b9573a966d2dd44f7d0b3f1fb976b3b99488f778d37c11d148cbd46", kill_on_drop: false }`
[INFO] running `Command { std: "docker" "rm" "-f" "daa212d32b9573a966d2dd44f7d0b3f1fb976b3b99488f778d37c11d148cbd46", kill_on_drop: false }`
[INFO] [stdout] daa212d32b9573a966d2dd44f7d0b3f1fb976b3b99488f778d37c11d148cbd46
